{"id":111,"date":"2011-05-17T08:44:29","date_gmt":"2011-05-17T08:44:29","guid":{"rendered":"http:\/\/www.eule-interreg.eu\/?page_id=111"},"modified":"2011-07-26T09:11:36","modified_gmt":"2011-07-26T09:11:36","slug":"grenzubergreifende-abstimmung","status":"publish","type":"page","link":"https:\/\/www.eule-interreg.eu\/?page_id=111","title":{"rendered":"Grenz\u00fcbergreifende Abstimmung"},"content":{"rendered":"<table width=\"640\" height=\"35\">\n<tbody>\n<tr>\n<td>\n<li>Startworkshop in Salzburg<\/li>\n<\/td>\n<td>15.05.2008<\/td>\n<\/tr>\n<tr>\n<td>\n<li>Projektworkshop Salzburg &#8211; Lenkungsgruppe  \/  Raumforum \u00d6PNV<\/li>\n<\/td>\n<td>23.11.2008<\/td>\n<\/tr>\n<tr>\n<td>\n<li>Projektworkshop Traunstein &#8211; Lenkungsgruppe \/ Raumforum \u00d6PNV<\/li>\n<\/td>\n<td>27.05.2009<\/td>\n<\/tr>\n<tr>\n<td>\n<li>Abstimmungstreffen Landesverkehrsplanung<\/li>\n<\/td>\n<td>02.07.2009<\/td>\n<\/tr>\n<tr>\n<td>\n<li>Pr\u00e4sentation grenz\u00fcbergreifende Arbeitsgruppe Verkehr<\/li>\n<\/td>\n<td>05.10.2009<\/td>\n<\/tr>\n<tr>\n<td>\n<li>Pr\u00e4sentation beim EuRegio Rat<\/li>\n<\/td>\n<td>20.10.2009<\/td>\n<\/tr>\n<tr>\n<td>\n<li>Projektworkshop Salzburg &#8211; Lenkungsgruppe \/ Raumforum \u00d6PNV<\/li>\n<\/td>\n<td>02.12.2009<\/td>\n<\/tr>\n<tr>\n<td>\n<li>Abstimmungstreffen Land Salzburg &#8211; Raumplanung<\/li>\n<\/td>\n<td>16.03.2010<\/td>\n<\/tr>\n<tr>\n<td>\n<li>Abstimmungstreffen Landesverkehrsplanung<\/li>\n<\/td>\n<td>24.03.2010<\/td>\n<\/tr>\n<tr>\n<td>\n<li>Regional-Stadtbahn-Salzburg (RSB)<\/li>\n<\/td>\n<td>01.06.2010<\/td>\n<\/tr>\n<tr>\n<td>\n<li>Abstimmung mit RVO Berchtesgadener Land<\/li>\n<\/td>\n<td>08.06.2010<\/td>\n<\/tr>\n<tr>\n<td>\n<li>Pr\u00e4sentation Salzburger Lokalbahn \/ Stadtbus<\/li>\n<\/td>\n<td>14.06.2010<\/td>\n<\/tr>\n<tr>\n<td>\n<li>Projektworkshop Salzburg \/ Raumforum<\/li>\n<\/td>\n<td>28.06.2010<\/td>\n<\/tr>\n<tr>\n<td>\n<li>Abstimmung EuRegio<\/li>\n<\/td>\n<td>30.11.2010<\/td>\n<\/tr>\n<tr>\n<td>\n<li>Projektpr\u00e4sentation M\u00fcnchen StMWIVT &#8211; Lenkungsgruppe<\/li>\n<\/td>\n<td>07.12.2010<\/td>\n<\/tr>\n<tr>\n<td>\n<li>Pr\u00e4sentation Landratsamt BGL<\/li>\n<\/td>\n<td>12.01.2011<\/td>\n<\/tr>\n<tr>\n<td>\n<li>Pr\u00e4sentation Landesverkehrsplanung Salzburg<\/li>\n<\/td>\n<td>20.01.2011<\/td>\n<\/tr>\n<tr>\n<td>\n<li>Raumforum \u00d6PNV<\/li>\n<\/td>\n<td>02.05.2011<\/td>\n<\/tr>\n<tr>\n<td>\n<li>Pr\u00e4sentation Nahverkehrskommission der EuRegio Salzburg \u2013 Berchtesgadener Land &#8211; Traunstein<\/li>\n<\/td>\n<td>31.05.2011<\/td>\n<\/tr>\n<tr>\n<td>\n<li>Abschlussworkshop der Projektlenkungsgruppe in Salzburg<\/li>\n<\/td>\n<td>08.06.2011<\/td>\n<\/tr>\n<\/tbody>\n<\/table>\n","protected":false},"excerpt":{"rendered":"<p>Startworkshop in Salzburg 15.05.2008 Projektworkshop Salzburg &#8211; Lenkungsgruppe \/ Raumforum \u00d6PNV 23.11.2008 Projektworkshop Traunstein &#8211; Lenkungsgruppe \/ Raumforum \u00d6PNV 27.05.2009 Abstimmungstreffen Landesverkehrsplanung 02.07.2009 Pr\u00e4sentation grenz\u00fcbergreifende Arbeitsgruppe Verkehr 05.10.2009 Pr\u00e4sentation beim EuRegio Rat 20.10.2009 Projektworkshop Salzburg &#8211; Lenkungsgruppe \/ Raumforum \u00d6PNV &hellip; <a href=\"https:\/\/www.eule-interreg.eu\/?page_id=111\">Continue reading <span class=\"meta-nav\">&rarr;<\/span><\/a><\/p>\n","protected":false},"author":2,"featured_media":0,"parent":273,"menu_order":0,"comment_status":"closed","ping_status":"closed","template":"","meta":{"footnotes":""},"class_list":["post-111","page","type-page","status-publish","hentry"],"aioseo_notices":[],"_links":{"self":[{"href":"https:\/\/www.eule-interreg.eu\/index.php?rest_route=\/wp\/v2\/pages\/111","targetHints":{"allow":["GET"]}}],"collection":[{"href":"https:\/\/www.eule-interreg.eu\/index.php?rest_route=\/wp\/v2\/pages"}],"about":[{"href":"https:\/\/www.eule-interreg.eu\/index.php?rest_route=\/wp\/v2\/types\/page"}],"author":[{"embeddable":true,"href":"https:\/\/www.eule-interreg.eu\/index.php?rest_route=\/wp\/v2\/users\/2"}],"replies":[{"embeddable":true,"href":"https:\/\/www.eule-interreg.eu\/index.php?rest_route=%2Fwp%2Fv2%2Fcomments&post=111"}],"version-history":[{"count":13,"href":"https:\/\/www.eule-interreg.eu\/index.php?rest_route=\/wp\/v2\/pages\/111\/revisions"}],"predecessor-version":[{"id":676,"href":"https:\/\/www.eule-interreg.eu\/index.php?rest_route=\/wp\/v2\/pages\/111\/revisions\/676"}],"up":[{"embeddable":true,"href":"https:\/\/www.eule-interreg.eu\/index.php?rest_route=\/wp\/v2\/pages\/273"}],"wp:attachment":[{"href":"https:\/\/www.eule-interreg.eu\/index.php?rest_route=%2Fwp%2Fv2%2Fmedia&parent=111"}],"curies":[{"name":"wp","href":"https:\/\/api.w.org\/{rel}","templated":true}]}}

Grenzübergreifende Abstimmung

<table width="640" height="35">
<tbody>
<tr>
<td>
<li>Startworkshop in Salzburg</li>
</td>
<td>15.05.2008</td>
</tr>
<tr>
<td>
<li>Projektworkshop Salzburg &#8211; Lenkungsgruppe  /  Raumforum ÖPNV</li>
</td>
<td>23.11.2008</td>
</tr>
<tr>
<td>
<li>Projektworkshop Traunstein &#8211; Lenkungsgruppe / Raumforum ÖPNV</li>
</td>
<td>27.05.2009</td>
</tr>
<tr>
<td>
<li>Abstimmungstreffen Landesverkehrsplanung</li>
</td>
<td>02.07.2009</td>
</tr>
<tr>
<td>
<li>Präsentation grenzübergreifende Arbeitsgruppe Verkehr</li>
</td>
<td>05.10.2009</td>
</tr>
<tr>
<td>
<li>Präsentation beim EuRegio Rat</li>
</td>
<td>20.10.2009</td>
</tr>
<tr>
<td>
<li>Projektworkshop Salzburg &#8211; Lenkungsgruppe / Raumforum ÖPNV</li>
</td>
<td>02.12.2009</td>
</tr>
<tr>
<td>
<li>Abstimmungstreffen Land Salzburg &#8211; Raumplanung</li>
</td>
<td>16.03.2010</td>
</tr>
<tr>
<td>
<li>Abstimmungstreffen Landesverkehrsplanung</li>
</td>
<td>24.03.2010</td>
</tr>
<tr>
<td>
<li>Regional-Stadtbahn-Salzburg (RSB)</li>
</td>
<td>01.06.2010</td>
</tr>
<tr>
<td>
<li>Abstimmung mit RVO Berchtesgadener Land</li>
</td>
<td>08.06.2010</td>
</tr>
<tr>
<td>
<li>Präsentation Salzburger Lokalbahn / Stadtbus</li>
</td>
<td>14.06.2010</td>
</tr>
<tr>
<td>
<li>Projektworkshop Salzburg / Raumforum</li>
</td>
<td>28.06.2010</td>
</tr>
<tr>
<td>
<li>Abstimmung EuRegio</li>
</td>
<td>30.11.2010</td>
</tr>
<tr>
<td>
<li>Projektpräsentation München StMWIVT &#8211; Lenkungsgruppe</li>
</td>
<td>07.12.2010</td>
</tr>
<tr>
<td>
<li>Präsentation Landratsamt BGL</li>
</td>
<td>12.01.2011</td>
</tr>
<tr>
<td>
<li>Präsentation Landesverkehrsplanung Salzburg</li>
</td>
<td>20.01.2011</td>
</tr>
<tr>
<td>
<li>Raumforum ÖPNV</li>
</td>
<td>02.05.2011</td>
</tr>
<tr>
<td>
<li>Präsentation Nahverkehrskommission der EuRegio Salzburg – Berchtesgadener Land &#8211; Traunstein</li>
</td>
<td>31.05.2011</td>
</tr>
<tr>
<td>
<li>Abschlussworkshop der Projektlenkungsgruppe in Salzburg</li>
</td>
<td>08.06.2011</td>
</tr>
</tbody>
</table>

<p>Startworkshop in Salzburg 15.05.2008 Projektworkshop Salzburg &#8211; Lenkungsgruppe / Raumforum ÖPNV 23.11.2008 Projektworkshop Traunstein &#8211; Lenkungsgruppe / Raumforum ÖPNV 27.05.2009 Abstimmungstreffen Landesverkehrsplanung 02.07.2009 Präsentation grenzübergreifende Arbeitsgruppe Verkehr 05.10.2009 Präsentation beim EuRegio Rat 20.10.2009 Projektworkshop Salzburg &#8211; Lenkungsgruppe / Raumforum ÖPNV &hellip; <a href="https://www.eule-interreg.eu/?page_id=111">Continue reading <span class="meta-nav">&rarr;</span></a></p>
